{"id":22,"date":"2017-04-26T12:14:00","date_gmt":"2017-04-26T12:14:00","guid":{"rendered":"http:\/\/www.alinnova.ch\/?page_id=22"},"modified":"2017-04-27T13:26:20","modified_gmt":"2017-04-27T13:26:20","slug":"beratung","status":"publish","type":"page","link":"https:\/\/www.alinnova.ch\/index.php\/beratung\/","title":{"rendered":"Beratung"},"content":{"rendered":"<hr \/>\n<p><a href=\"https:\/\/www.alinnova.ch\/wp-content\/uploads\/2017\/04\/petrischale3.png\"><img loading=\"lazy\" class=\"alignnone wp-image-81 size-thumbnail\" src=\"https:\/\/www.alinnova.ch\/wp-content\/uploads\/2017\/04\/petrischale3-150x150.png\" alt=\"\" width=\"150\" height=\"150\" srcset=\"https:\/\/www.alinnova.ch\/wp-content\/uploads\/2017\/04\/petrischale3-150x150.png 150w, https:\/\/www.alinnova.ch\/wp-content\/uploads\/2017\/04\/petrischale3.png 220w\" sizes=\"(max-width: 150px) 100vw, 150px\" \/><\/a><\/p>\n<p>Um eine erste Bestandesaufnahme zu machen, wird eine systematische Kontrolle der Betriebsr\u00e4umlichkeiten von der Anlieferung bis zur Entsorgung durchgef\u00fchrt. Diese Hygienekontrolle bildet die Basis f\u00fcr einen individuell auf Ihren Betrieb zugeschnittenen Massnahmenkatalog, um gezielt die notwendigen \u00c4nderungen vornehmen zu k\u00f6nnen.<\/p>\n<p>Sie bietet Gelegenheit f\u00fcr Fragen vor Ort und erm\u00f6glicht eine pers\u00f6nliche Beratung.<\/p>\n<p>Die einzelnen Schritte der Kontrolle werden \u00fcbersichtlich protokolliert und mit Hinweisen auf gesetzliche Vorschriften erkl\u00e4rt. Sie dienen dem Betrieb zur Dokumentation eines ersten Schrittes im Rahmen des Hygienekonzeptes.<\/p>\n<p>Weitere Betriebskontrollen k\u00f6nnen je nach Betriebsgr\u00f6sse und Angebotspalette vereinbart werden.<\/p>\n","protected":false},"excerpt":{"rendered":"<p>Um eine erste Bestandesaufnahme zu machen, wird eine systematische Kontrolle der Betriebsr\u00e4umlichkeiten von der Anlieferung bis zur Entsorgung durchgef\u00fchrt. Diese Hygienekontrolle bildet die Basis f\u00fcr einen individuell auf Ihren Betrieb zugeschnittenen Massnahmenkatalog, um gezielt die notwendigen \u00c4nderungen vornehmen zu k\u00f6nnen. <span class=\"readmore\"><a href=\"https:\/\/www.alinnova.ch\/index.php\/beratung\/\">Weiterlesen<\/a><\/span><\/p>\n","protected":false},"author":1,"featured_media":0,"parent":0,"menu_order":0,"comment_status":"closed","ping_status":"closed","template":"","meta":[],"_links":{"self":[{"href":"https:\/\/www.alinnova.ch\/index.php\/wp-json\/wp\/v2\/pages\/22"}],"collection":[{"href":"https:\/\/www.alinnova.ch\/index.php\/wp-json\/wp\/v2\/pages"}],"about":[{"href":"https:\/\/www.alinnova.ch\/index.php\/wp-json\/wp\/v2\/types\/page"}],"author":[{"embeddable":true,"href":"https:\/\/www.alinnova.ch\/index.php\/wp-json\/wp\/v2\/users\/1"}],"replies":[{"embeddable":true,"href":"https:\/\/www.alinnova.ch\/index.php\/wp-json\/wp\/v2\/comments?post=22"}],"version-history":[{"count":3,"href":"https:\/\/www.alinnova.ch\/index.php\/wp-json\/wp\/v2\/pages\/22\/revisions"}],"predecessor-version":[{"id":222,"href":"https:\/\/www.alinnova.ch\/index.php\/wp-json\/wp\/v2\/pages\/22\/revisions\/222"}],"wp:attachment":[{"href":"https:\/\/www.alinnova.ch\/index.php\/wp-json\/wp\/v2\/media?parent=22"}],"curies":[{"name":"wp","href":"https:\/\/api.w.org\/{rel}","templated":true}]}}