{"id":31,"date":"2017-04-26T12:26:01","date_gmt":"2017-04-26T12:26:01","guid":{"rendered":"http:\/\/www.alinnova.ch\/?page_id=31"},"modified":"2017-05-03T12:20:49","modified_gmt":"2017-05-03T12:20:49","slug":"schulungen-beratungen-konzepte","status":"publish","type":"page","link":"https:\/\/www.alinnova.ch\/","title":{"rendered":"Schulungen, Beratungen, Konzepte"},"content":{"rendered":"<hr \/>\n<p>Die Gesetzgebung verpflichtet alle Lebensmittel verarbeitenden Betriebe zur Selbstkontrolle, die auf den Grunds\u00e4tzen des HACCP-Systems beruht.<\/p>\n<p>Es geht darum, durch die Anwendung der guten Verfahrenspraxis m\u00f6gliche Gesundheitsrisiken bei der Herstellung, Lagerung, Verarbeitung und Abgabe von Lebensmitteln auf ein akzeptables Minimum zu reduzieren.<\/p>\n<p>Die Dokumentationen sind bei beh\u00f6rdlichen Kontrollen zur Einsicht vorzulegen. S\u00e4mtliche Mitarbeitenden m\u00fcssen \u00fcber diese Punkte informiert sein und diese befolgen.<\/p>\n<p>F\u00fcr die Umsetzung eines auf den Vorschriften beruhendes, in der allt\u00e4glichen Praxis anwendbares und f\u00fcr alle Mitarbeitenden leicht verst\u00e4ndliches Konzept fehlt es oft an Zeit.<\/p>\n<p>Diese Aufgabe \u00fcbernimmt ALINNOVA GmbH f\u00fcr Sie.<\/p>\n","protected":false},"excerpt":{"rendered":"<p>Die Gesetzgebung verpflichtet alle Lebensmittel verarbeitenden Betriebe zur Selbstkontrolle, die auf den Grunds\u00e4tzen des HACCP-Systems beruht. Es geht darum, durch die Anwendung der guten Verfahrenspraxis m\u00f6gliche Gesundheitsrisiken bei der Herstellung, Lagerung, Verarbeitung und Abgabe von Lebensmitteln auf ein akzeptables Minimum <span class=\"readmore\"><a href=\"https:\/\/www.alinnova.ch\/\">Weiterlesen<\/a><\/span><\/p>\n","protected":false},"author":1,"featured_media":0,"parent":0,"menu_order":0,"comment_status":"closed","ping_status":"closed","template":"","meta":[],"_links":{"self":[{"href":"https:\/\/www.alinnova.ch\/index.php\/wp-json\/wp\/v2\/pages\/31"}],"collection":[{"href":"https:\/\/www.alinnova.ch\/index.php\/wp-json\/wp\/v2\/pages"}],"about":[{"href":"https:\/\/www.alinnova.ch\/index.php\/wp-json\/wp\/v2\/types\/page"}],"author":[{"embeddable":true,"href":"https:\/\/www.alinnova.ch\/index.php\/wp-json\/wp\/v2\/users\/1"}],"replies":[{"embeddable":true,"href":"https:\/\/www.alinnova.ch\/index.php\/wp-json\/wp\/v2\/comments?post=31"}],"version-history":[{"count":3,"href":"https:\/\/www.alinnova.ch\/index.php\/wp-json\/wp\/v2\/pages\/31\/revisions"}],"predecessor-version":[{"id":255,"href":"https:\/\/www.alinnova.ch\/index.php\/wp-json\/wp\/v2\/pages\/31\/revisions\/255"}],"wp:attachment":[{"href":"https:\/\/www.alinnova.ch\/index.php\/wp-json\/wp\/v2\/media?parent=31"}],"curies":[{"name":"wp","href":"https:\/\/api.w.org\/{rel}","templated":true}]}}